2, 59, 6245549
List the prime factors of 21988105.
5, 113, 38917
List the prime factors of 114348681.
3, 17, 747377
List the prime factors of 270996278.
2, 7, 19, 89, 11447
List the prime factors of 46494985.
5, 47, 67, 2953
List the prime factors of 251280535.
5, 11, 4568737
List the prime factors of 34554301.
34554301
What are the prime factors of 1188712194?
2, 3, 198118699
List the prime factors of 5674123162.
2, 2837061581
What are the prime factors of 59997729?
3, 11, 197, 839
What are the prime factors of 76719141?
3, 31, 83, 3313
List the prime factors of 24634565.
5, 59, 113, 739
What are the prime factors of 58628931?
3, 3331, 5867
What are the prime factors of 1736752103?
23, 653, 115637
What are the prime factors of 62743750?
2, 5, 10039
What are the prime factors of 541692831?
3, 19, 109, 87187
What are the prime factors of 39431192?
2, 4928899
What are the prime factors of 3652711913?
3652711913
What are the prime factors of 222084402?
2, 3, 37014067
List the prime factors of 607449438.
2, 3, 33747191
List the prime factors of 45801974.
2, 22900987
List the prime factors of 2805659193.
3, 61, 211, 72661
What are the prime factors of 692087047?
101, 971, 7057
What are the prime factors of 37295751?
3, 67, 185551
What are the prime factors of 62272043?
557, 111799
What are the prime factors of 134445402?
2, 3, 7, 13, 211, 389
What are the prime factors of 38281609?
487, 78607
List the prime factors of 26547147.
3, 11, 268153
What are the prime factors of 343500955?
5, 7, 9814313
What are the prime factors of 100641025?
5, 277, 14533
List the prime factors of 4306465593.
3, 179, 971, 2753
List the prime factors of 607488430.
2, 5, 60748843
List the prime factors of 1311710124.
2, 3, 89, 1228193
What are the prime factors of 3785769294?
2, 3, 630961549
List the prime factors of 41397363.
3, 7, 17, 38653
List the prime factors of 78917344.
2, 11, 224197
What are the prime factors of 295805256?
2, 3, 43, 286633
List the prime factors of 167853114.
2, 3, 11, 13, 21737
List the prime factors of 420568940.
2, 5, 11, 31, 61667
What are the prime factors of 214239838?
2, 107119919
What are the prime factors of 56097951?
3, 7, 13, 205487
What are the prime factors of 244760554?
2, 281, 491, 887
List the prime factors of 2658721699.
19, 139932721
What are the prime factors of 258343757?
7, 829, 44519
List the prime factors of 887342378.
2, 13, 79, 432007
What are the prime factors of 85592099?
85592099
What are the prime factors of 4425910397?
4425910397
List the prime factors of 69655612.
2, 13, 67, 19993
List the prime factors of 220527323.
181, 1218383
What are the prime factors of 107769615?
3, 5, 19, 61, 6199
List the prime factors of 29829551.
23, 547, 2371
What are the prime factors of 1145743?
1145743
List the prime factors of 329183328.
2, 3, 61, 67, 839
What are the prime factors of 46589266?
2, 23294633
What are the prime factors of 617721447?
3, 7, 1087, 27061
List the prime factors of 323728328.
2, 7, 11, 525533
List the prime factors of 98204777.
11, 8927707
List the prime factors of 151363008.
2, 3, 262783
List the prime factors of 470648327.
181, 2600267
List the prime factors of 2735956.
2, 113, 6053
List the prime factors of 316116534.
2, 3, 4547, 11587
List the prime factors of 96599012.
2, 349, 69197
List the prime factors of 473515833.
3, 7, 53, 425441
What are the prime factors of 401864258?
2, 17, 67, 2633
List the prime factors of 1910185882.
2, 11, 103, 842977
What are the prime factors of 66803814?
2, 3, 7, 11, 157, 307
List the prime factors of 51370623.
3, 19, 300413
What are the prime factors of 45824315?
5, 37, 67, 3697
What are the prime factors of 1511734742?
2, 7, 107981053
What are the prime factors of 139445065?
5, 71, 392803
What are the prime factors of 372574029?
3, 47, 2642369
List the prime factors of 1908992499.
3, 61, 127, 82139
List the prime factors of 481770975.
3, 5, 7, 917659
List the prime factors of 1251201532.
2, 7, 44685769
What are the prime factors of 1022000867?
557, 1834831
List the prime factors of 55068145.
5, 11, 251, 3989
List the prime factors of 6317630674.
2, 59, 937, 57139
List the prime factors of 53704565.
5, 10740913
List the prime factors of 24202296.
2, 3, 336143
What are the prime factors of 3682077?
3, 7, 271, 647
What are the prime factors of 3355217375?
5, 26841739
List the prime factors of 25239847.
19, 263, 5051
List the prime factors of 103438776.
2, 3, 7, 173, 3559
List the prime factors of 4464878092.
2, 1116219523
What are the prime factors of 226367915?
5, 1979, 22877
What are the prime factors of 464744890?
2, 5, 46474489
List the prime factors of 90906023.
13, 107, 65353
List the prime factors of 198375657.
3, 139, 475721
List the prime factors of 8469074.
2, 4234537
What are the prime factors of 45888643?
29, 101, 15667
List the prime factors of 84369208.
2, 7, 11, 136963
List the prime factors of 49612882.
2, 11, 2255131
List the prime factors of 50040147.
3, 101, 239, 691
What are the prime factors of 13279399?
7, 1897057
List the prime factors of 418585582.
2, 67, 3123773
What are the prime factors of 129117267?
3, 4782121
List the prime factors of 523047038.
2, 577, 453247
List the prime factors of 569048130.
2, 3, 5, 7, 903251
What are the prime factors of 1390898078?
2, 17, 19, 337, 6389
List the prime factors of 2762805841.
47, 1291, 45533
What are the prime factors of 3717217294?
2, 7, 265515521
List the prime factors of 261959480.
2, 5, 1213, 5399
What are the prime factors of 3058966765?
5, 23, 26599711
What are the prime factors of 2908942513?
193, 569, 26489
What are the prime factors of 929765107?
929765107
What are the prime factors of 107001268?
2, 11, 221077
What are the prime factors of 378843602?
2, 59, 397, 8087
What are the prime factors of 5119112481?
3, 7, 491, 496471
What are the prime factors of 298525590?
2, 3, 5, 11, 331, 911
List the prime factors of 36767194.
2, 18383597
List the prime factors of 20646118.
2, 10323059
What are the prime factors of 118689881?
118689881
List the prime factors of 27466350.
2, 3, 5, 71, 2579
List the prime factors of 88000201.
88000201
List the prime factors of 697766671.
7, 99680953
List the prime factors of 29358904.
2, 29, 126547
What are the prime factors of 171853998?
2, 3, 1831, 15643
List the prime factors of 1013137174.
2, 7, 661, 109481
What are the prime factors of 7380779?
7, 41, 25717
What are the prime factors of 128855137?
53, 67, 131, 277
What are the prime factors of 34979398?
2, 17489699
List the prime factors of 12988468.
2, 23, 141179
What are the prime factors of 670208967?
3, 1381, 53923
List the prime factors of 32623122.
2, 3, 7, 37, 2999
List the prime factors of 7180650845.
5, 887, 1619087
List the prime factors of 629888660.
2, 5, 83, 379451
List the prime factors of 104538130.
2, 5, 10453813
List the prime factors of 508114450.
2, 5, 103, 98663
What are the prime factors of 3759580711?
19, 71, 146681
List the prime factors of 740040596.
2, 185010149
What are the prime factors of 762788456?
2, 311, 306587
What are the prime factors of 398237900?
2, 5, 3982379
What are the prime factors of 13456077?
3, 31, 41, 3529
List the prime factors of 1650958094.
2, 17, 461, 105331
What are the prime factors of 2825071917?
3, 17, 29, 1910123
What are the prime factors of 5510109914?
2, 53, 51982169
What are the prime factors of 1757740378?
2, 541, 1624529
List the prime factors of 1250139028.
2, 83, 491, 7669
List the prime factors of 231238772.
2, 57809693
List the prime factors of 32628465.
3, 5, 725077
What are the prime factors of 17611652?
2, 23, 47, 4073
What are the prime factors of 4269986?
2, 7, 41, 43, 173
List the prime factors of 33935247.
3, 17, 4349
List the prime factors of 232409544.
2, 3, 269, 35999
What are the prime factors of 309715864?
2, 38714483
List the prime factors of 31332457.
13, 2410189
What are the prime factors of 71503497?
3, 13, 47, 13003
What are the prime factors of 30288631?
23, 631, 2087
What are the prime factors of 33336020?
2, 5, 523, 3187
List the prime factors of 709895191.
47, 229, 65957
What are the prime factors of 2131675291?
2131675291
List the prime factors of 1621040795.
5, 11, 29473469
List the prime factors of 172834223.
17, 349, 29131
